composite number?
False
Is 146127509 a composite number?
True
Is 57601799 a composite number?
False
Is 781189 a prime number?
False
Is 299585813 a composite number?
False
Is 7134181 composite?
False
Is 9205387 composite?
True
Is 202679773 a composite number?
False
Is 140873069 a composite number?
False
Is 262270573 a composite number?
False
Is 18693739 composite?
True
Is 3120359 a prime number?
False
Is 5352427 a prime number?
False
Is 1371958255 prime?
False
Is 926759 a prime number?
False
Is 16084721 prime?
False
Is 266886877 composite?
True
Is 2617127 a prime number?
False
Is 232049 a prime number?
True
Is 568273 prime?
True
Is 1044178943 a prime number?
True
Is 54403309 composite?
False
Is 469877623 composite?
False
Is 315216983 prime?
False
Is 6470279 a prime number?
False
Is 1596997 a composite number?
True
Is 467803849 prime?
False
Is 11926819 a composite number?
True
Is 23709955 a prime number?
False
Is 3992029 a composite number?
False
Is 146412767 a prime number?
True
Is 1314941 a prime number?
True
Is 1262213 prime?
False
Is 30521347 a prime number?
False
Is 264871 a composite number?
False
Is 549071 a composite number?
False
Is 20689901 a composite number?
True
Is 9688781 composite?
False
Is 3167057 prime?
False
Is 14287862 composite?
True
Is 2806157 a prime number?
True
Is 545081 composite?
True
Is 78535239 composite?
True
Is 1045727 a prime number?
True
Is 5293591 prime?
False
Is 28303603 a prime number?
True
Is 1325671 a prime number?
False
Is 1248713 a composite number?
True
Is 95203841 prime?
True
Is 46372067 composite?
True
Is 26195401 a composite number?
True
Is 18571471 a prime number?
True
Is 510442687 composite?
False
Is 440927 composite?
True
Is 1882373 prime?
False
Is 11242534 prime?
False
Is 1279417 prime?
True
Is 9156194 a prime number?
False
Is 861797 a prime number?
True
Is 1041913401 composite?
True
Is 161175061 composite?
False
Is 7158901 prime?
False
Is 877442 composite?
True
Is 57645349 a prime number?
True
Is 611359 a prime number?
False
Is 48319043 prime?
False
Is 5801662 a prime number?
False
Is 8308463 a prime number?
True
Is 204586361 a composite number?
True
Is 443117 a prime number?
True
Is 1255504813 a composite number?
False
Is 12668603 prime?
True
Is 3939503 a composite number?
True
Is 15382247 a prime number?
False
Is 104276231 prime?
True
Is 39437351 a composite number?
False
Is 840253 composite?
False
Is 1501717 a prime number?
False
Is 619657 a composite number?
False
Is 8828719 a prime number?
True
Is 413310671 a prime number?
True
Is 47633999 composite?
True
Is 304555151 composite?
False
Is 18382319 a composite number?
False
Is 14946287 a prime number?
False
Is 1162957 composite?
False
Is 1853291 prime?
False
Is 60808367 composite?
False
Is 5288333 prime?
False
Is 14319247 a prime number?
False
Is 30757 composite?
False
Is 3504049 a composite number?
True
Is 8774707 prime?
False
Is 122994493 a prime number?
True
Is 249873851 a composite number?
False
Is 78978755 a composite number?
True
Is 24444307 prime?
False
Is 10376419 prime?
True
Is 39770411 composite?
False
Is 40104794 a prime number?
False
Is 18684539 prime?
True
Is 100082611 prime?
True
Is 14336093 prime?
True
Is 12130739 a composite number?
False
Is 5048557 a prime number?
True
Is 124197 prime?
False
Is 188294327 prime?
False
Is 22686611 a composite number?
False
Is 427039093 prime?
False
Is 843577207 composite?
True
Is 227833811 composite?
False
Is 521273371 composite?
True
Is 26013577 a prime number?
False
Is 1728311 prime?
False
Is 451646069 composite?
True
Is 5637578 a prime number?
False
Is 4753087 prime?
True
Is 7225597 composite?
True
Is 16410073 prime?
True
Is 84185957 prime?
False
Is 542413 a composite number?
True
Is 115666169 a prime number?
True
Is 1367722591 a composite number?
False
Is 13823483 a prime number?
False
Is 20590459 a prime number?
False
Is 1491635 prime?
False
Is 50537749 prime?
False
Is 7890037 composite?
True
Is 161693 a prime number?
False
Is 5238577 a composite number?
False
Is 13258727 prime?
True
Is 9771023 composite?
False
Is 1405087 a composite number?
False
Is 442079 a prime number?
False
Is 1196691097 a composite number?
True
Is 47010253 composite?
True
Is 100280485 a composite number?
True
Is 8241001 composite?
False
Is 8036381 prime?
True
Is 4826443 prime?
False
Is 32388697 composite?
True
Is 64501837 composite?
True
Is 179022301 a composite number?
True
Is 156007 a prime number?
True
Is 10486003 composite?
True
Is 6226729 composite?
False
Is 1163069 composite?
False
Is 658442069 a composite number?
False
Is 12872423 composite?
False
Is 6547759 a composite number?
False
Is 103590533 composite?
False
Is 6918703 a prime number?
False
Is 150566681 a prime number?
True
Is 28932439 prime?
True
Is 142949 prime?
True
Is 20988467 a composite number?
False
Is 2041141 composite?
True
Is 4985314 prime?
False
Is 13131083 composite?
True
Is 439753 a prime number?
True
Is 964867 composite?
True
Is 272706635 prime?
False
Is 14250067 a prime number?
False
Is 8510723 prime?
False
Is 28596059 a composite number?
True
Is 15268493 a prime number?
False
Is 448241 composite?
False
Is 6530231 a prime number?
False
Is 9431363 a prime number?
True
Is 20829531 prime?
False
Is 4536349 a prime number?
False
Is 1427200539 a composite number?
True
Is 79610281 prime?
False
Is 17717 composite?
True
Is 80318297 prime?
False
Is 41522309 prime?
True
Is 12616409 composite?
True
Is 5182601 composite?
False
Is 4550563 a prime number?
True
Is 54932653 a composite number?
False
Is 5409571 a prime number?
True
Is 21416221 composite?
True
Is 24705559 prime?
False
Is 23724409 a composite number?
False
Is 3469691 composite?
False
Is 18545269 prime?
True
Is 2025203 composite?
False
Is 45447401 a prime number?
True
Is 3816847 composite?
False
Is 8713213 a composite number?
False
Is 7089403 composite?
False
Is 12963733 a prime number?
True
Is 1647703 a prime number?
False
Is 741419227 a composite number?
False
Is 4315826 composite?
True
Is 8385445 prime?
False
Is 88900873 a composite number?
False
Is 1298909 prime?
True
Is 520287947 a composite number?
False
Is 25539233 prime?
True
Is 297149 composite?
True
Is 5698109 composite?
True
Is 97815733 composite?
False
Is 3160877 prime?
True
Is 4190601 composite?
True
Is 4955209 prime?
False
Is 603173 prime?
True
Is 34333157 a prime number?
True
Is 457422907 a prime number?
False
Is 420477 composite?
True
Is 47629859 a prime number?
True
Is 308265899 a prime number?
False
Is 4262459 a prime number?
True
Is 42898861 composite?
False
Is 6166309 a composite number?
True
Is 111217889 prime?
False
Is 69367651 a composite number?
True
Is 17989441 a prime number?
True
Is 4778845 a composite number?
True
Is 33304687 a prime number?
False
Is 1307591 a composite number?
False
Is 1249319 a prime number?
True
Is 14560663 a prime number?
False
Is 39706991 composite?
False
Is 32774227 a composite number?
False
Is 4346323 a prime number?
True
Is 10958009 a prime number?
True
Is 5163727 prime?
True
Is 33379237 composite?
False
Is 8173 a prime number?
False
Is 804313 prime?
True
Is 27473917 a prime number?
False
Is 77317 a prime number?
True
Is 46567167 prime?
False
Is 128840657 composite?
True
Is 339089269 prime?
True
Is 401240393 composite?
False
Is 172001 a prime number?
True
Is 609466799 composite?
True
Is 56071045 composite?
True
Is 9486863 composite?
True
Is 289223 composite?
True
Is 3201103 prime?
True
Is 9902897 a composite number?
False
Is 178973 prime?
True
Is 119798611 a prime number?
True
Is 14393059 composite?
False
Is 25659449 prime?
True
Is 5958179 composite?
False
Is 490261297 composite?
False
Is 12807049 a composite number?
False
Is 1299941 a composite number?
False
Is 2927714 a prime number?
False
Is 1552043 a composite number?
True
Is 13058641 a prime number?
False
Is 9284617 prime?
False
Is 105090709 prime?
True
Is 727747 composite?
False
Is 81475721 composite?
False
Is 562567 prime?
False
Is 8267207 a composite number?
True
Is 55716943 a prime number?
True
Is 167476861 a prime number?
True
Is 398869631 prime?
False
Is 9299581 prime?
False
Is 1266439 a prime number?
False
Is 1819789 composite?
True
Is 260669309 a composite number?
False
Is 1419709 a prime number?
False
Is 6130129 composite?
Fal